et v = 49 + -49. Suppose 0 = 2*f - v*f - x. What is the hundreds digit of f?
1
Suppose -2 = -2*c - 4*g + 2*g, 4 = c + 4*g. Suppose -2*o + 5*v + 0*v + 924 = c, 0 = 5*o + 5*v - 2240. What is the tens digit of o?
5
Let l(k) be the third derivative of 3*k**5/20 - 3*k**4/8 + k**3 + 31*k**2. Let q be (-84)/(-18) - (-4)/(-6). What is the units digit of l(q)?
4
What is the ten thousands digit of (52/390 + (5398/15 - 1))*82?
2
Suppose 39 = -j + 69. Let i = -35 + j. Let d(c) = c**2 - 2*c + 1. What is the tens digit of d(i)?
3
Let w(v) = -7*v**2 - 6*v + 2551. What is the thousands digit of w(0)?
2
Let m = -17 + -5. Suppose -3*q - q = 4*q + 40. What is the units digit of m/(-110) + (-99)/q + -1?
9
Let x = -19173 + 35204. What is the ten thousands digit of x?
1
Let g(n) = 359*n + 20700. What is the units digit of g(-48)?
8
Let u be (((-535)/4)/(-5))/(14/56). Suppose 0 = -u*a + 111*a - 2828. What is the tens digit of a?
0
Let t(p) = 6*p**2 - 9*p - 30. What is the tens digit of t(37)?
5
What is the tens digit of (-2)/(-28)*14 - -5282?
8
Let q = 281 - 250. Suppose q*l - 4335 = 16*l. What is the tens digit of l?
8
Let b = -33008 - 575. What is the hundreds digit of (-2)/6 - b/129?
2
Suppose 116*y - 61736 = -3*y + 267894. What is the hundreds digit of y?
7
Let q(g) = 7*g**2 + 53*g + 9. Let i(u) = -18*u - 158. Let z be i(-8). What is the units digit of q(z)?
9
Let m be 25 - (8 - 0)*(-4)/8. Suppose -m*h = -17144 - 4722. What is the hundreds digit of h?
7
Let l(y) = 117*y**2 + 3*y + 10. Let m be l(-4). Suppose 22*r - 17*r = -m. Let f = r - -592. What is the tens digit of f?
1
Let h(k) = k**2 - 6*k + 12. Let y be h(9). Suppose -1830 = -y*t + 19932. What is the hundreds digit of t?
5
Let h(u) be the first derivative of -u**4/4 - 13*u**3/3 + 7*u**2/2 + u - 130. What is the hundreds digit of h(-16)?
6
Let n = 56 + -56. Suppose w - 35 - 385 = n. What is the hundreds digit of w?
4
Let c(n) = 4 + 10 + 0 - 43*n. What is the hundreds digit of c(-5)?
2
Let y(s) = -s**2 + 39. Let g be y(-6). What is the hundreds digit of g/(18/(-12)) - -293?
2
Let r = 7644 + -2613. What is the hundreds digit of r?
0
Suppose -5*u + 22 = j - 6, j - u = 46. Suppose -2*x - j = -47. Suppose -4*c + s = -x*s - 354, 5*s + 97 = c. What is the tens digit of c?
8
Let u = -73093 + 125670. What is the tens digit of u?
7
Let t = 13 + -11. Let l be (-3 + 6)/(2/t). What is the tens digit of (-2)/l - 4/((-60)/805)?
5
Let c = 1109 + 8645. What is the tens digit of c?
5
Let i = 8166 + -3353. What is the units digit of i?
3
What is the ten thousands digit of (-9 - -22) + -29 + 53675?
5
Let z be 1838 - 2/4*-8. Let v = -953 + z. What is the units digit of v?
9
Let q(w) = 251*w**3 + w**2 - 8*w. Let i(l) = 500*l**3 + l**2 - 15*l. Let o(x) = -3*i(x) + 5*q(x). What is the thousands digit of o(-2)?
1
Suppose 8 = 3*h - 3*n + 59, 4*n - 36 = 2*h. Let j = 197 + h. What is the hundreds digit of j?
1
Suppose 4 = -4*z + 5*h - 2*h, -3*z + h = 3. Let p(s) = 2*s**2 - 78*s**3 + s + 0*s + 0*s. What is the tens digit of p(z)?
7
What is the units digit of ((-59874)/30 + 2)/(4/(-20))?
9
Let x(u) = u**3 + 177*u**2 - 359*u + 489. What is the tens digit of x(-179)?
6
Suppose -5*p - v + 33551 = 0, -5*p - 3*v = -4*p - 6727. What is the hundreds digit of p?
7
Suppose -5*n = 4*d - 95932, -5*n - 6*d = -142397 + 46469. What is the units digit of n?
8
Let o(f) be the second derivative of -f**5/20 - 5*f**4/3 - 17*f**3/6 + 7*f**2/2 + 146*f. What is the hundreds digit of o(-21)?
8
Let d = -10 - -14. Suppose -d*o + 1552 = 4*o. Let s = 325 - o. What is the tens digit of s?
3
Let v(n) = -n**3 - 16*n**2 - 177*n + 55. What is the hundreds digit of v(-22)?
8
Suppose 275*r + 19*r = 7940940. What is the ten thousands digit of r?
2
Let c(o) = 16*o**3 + 38*o**2 + 5*o - 33. What is the hundreds digit of c(7)?
3
Let o(y) = 1641*y**2 + 222*y - 1118. What is the tens digit of o(5)?
1
Suppose -3*z - 2*z - 21 = -2*s, -3 = z. Suppose -l - u = 0, -2*u + s = 7. Suppose l*q - q + 4 = 0, -q + 210 = m. What is the hundreds digit of m?
2
What is the thousands digit of (-21738)/((-14)/(-7) + 2 - (0 + 6))?
0
Let z = -6979 + 12287. What is the units digit of z?
8
Let f = 108 + -107. Let r be -5 - (-6 + 1)/f. Suppose -5*l + 3 - 180 = -g, r = 4*g + 4*l - 612. What is the tens digit of g?
5
Let c = -40 - -26. Let s be 7/c*0/2. Suppose s = -7*y + 1 + 48. What is the units digit of y?
7
Let g(a) be the second derivative of 5*a**4/12 - 17*a**3/3 - 37*a**2/2 + 21*a. What is the tens digit of g(15)?
7
Let f be (6/5)/(-3) - 51/(-15). Suppose 616 = -0*g + f*g + 4*w, w = -2*g + 414. What is the tens digit of g?
0
Let w(c) = -c**2 - 4*c + 14. Let n be w(-6). What is the tens digit of -5*6/(-60) + 761/n?
8
Let k(t) = t**3 + 3*t**2 - 2*t - 1. Let w be k(-3). Suppose -4*c = 3*b - 548, -260 = c - 3*c - w*b. Let i = c - 33. What is the tens digit of i?
0
Suppose h + 430 = a, 15*a - 16*a + 436 = 2*h. Let u = a - -79. What is the units digit of u?
1
Let l = 5670 + 419. What is the thousands digit of l?
6
Let y(m) = 6*m**2 + 4*m + 40. Let p be y(-5). Let q = p - 61. What is the hundreds digit of q?
1
Suppose 3*k - 5*y - 494 = -y, -y + 4 = 0. Suppose -k*i - 3400 = -175*i. What is the hundreds digit of i?
6
Suppose -15*i = -11*i - 20. Suppose -5*m + t + 13 = i*t, 7 = 2*m + t. Suppose -a + n + 39 + 74 = 0, 254 = 2*a + m*n. What is the hundreds digit of a?
1
What is the hundreds digit of (534/12)/((-4)/(-240))?
6
Let k(p) = 47*p - 16. Let t(v) = v**2 - 19*v + 92. Let h be t(8). What is the tens digit of k(h)?
7
Let q = 347 + -363. What is the tens digit of -634*(5 + 88/q)?
1
Suppose -35 = -16*b + 9*b. Suppose -d - d = -b*z - 2229, 4433 = 4*d - 5*z. What is the thousands digit of d?
1
Let o be 7/(4 - 85/30) - 8/4. Suppose h - 2*c + 1524 = 4*h, 9 = 3*c. Suppose 6*x + 675 = o*f + 3*x, 2*x = 3*f - h. What is the units digit of f?
8
Suppose 24*i - 34004 - 26379 - 5473 = 0. What is the tens digit of i?
4
Suppose -251 = 7*d - 286. Suppose o - 2*n = 471, o - d*n - 456 = -0*n. What is the tens digit of o?
8
Let k = 8041 + -1705. What is the hundreds digit of k?
3
Suppose -52*n + 3*j = -53*n + 6085, -n = 4*j - 6084. What is the units digit of n?
8
Let k = 45928 + -19014. What is the thousands digit of k?
6
Let c = 6763 + -2494. Suppose 13*w = 26239 - c. What is the thousands digit of w?
1
Suppose 4*y - 52683 = -5*k, 61*y = 65*y - 2*k - 52662. What is the units digit of y?
7
Suppose 2*w = -4*y - 10, 2*w = 4*w + 3*y + 7. Let z be (-6)/(-9) - 3170/(-15)*w. Suppose -2*n - 313 = -3*l, -l + z = l - 3*n. What is the units digit of l?
3
Suppose 229 - 13 = 12*w. What is the thousands digit of w + 1639 + 1 + 0 + -4?
1
Let b be 18/27*(-6)/2. Let s be (-6)/(21/(-6) - b). Suppose -2*j = -s*t - 154, -234 = -5*j + 2*j + 5*t. What is the tens digit of j?
8
Suppose -2*q - 1286 = 2*q + 2*c, -5*q + 3*c - 1635 = 0. Suppose 1243*z + 3045 = 1228*z. Let t = z - q. What is the units digit of t?
1
Let l = 79 - 76. What is the tens digit of (2 - l)*(6 - 1018/2)?
0
Let r(a) = -a**3 + a**2 + 3. Let j = -26 + 26. Let x be r(j). Suppose -x*u + 50 = -28. What is the tens digit of u?
2
Let l = -74 - -72. What is the tens digit of (24/48)/(l/(-2360) + 0)?
9
Let k be ((-12)/(-45)*9)/((-1)/60). Let w = k + 56. Let a = 97 - w. What is the hundreds digit of a?
1
Let q = 595 + 365. Let g = q - 91. What is the tens digit of g?
6
Suppose -3*r + 81 + 33 = 5*s, 3*r - 3*s - 90 = 0. Suppose -r*h + 29*h = -4*m - 5588, 0 = 4*h + 5*m - 5561. What is the units digit of h?
4
Suppose 39*h - 20 = 29*h. Suppose -1619 = -3*c + h*w, -3*c + 445 = -3*w - 1172. What is the tens digit of c?
4
Suppose 9*r = -2365 + 28438. What is the thousands digit of r?
2
Suppose -2*v - 24*w - 12 = -29*w, 2*v = 2*w. What is the units digit of 1 - ((-852)/4 - v)?
8
Suppose 76*n - 467291 = 30*n + 2914767. What is the hundreds digit of n?
5
Let g = -313 - -317. Suppose -g*l + 4*b = -2884, 3*l + 1472 = 5*l + 4*b. What is the tens digit of l?
2
Suppose b = 5*l + 29, 0*b = -3*b + l + 17. Suppose 0 = -3*x + 6, 0*x + 3092 = 5*y - b*x. What is the units digit of y?
0
Suppose 44*i - 386433 = 28*i + 7*i. What is the ten thousands digit of i?
4
Let r(o) = -7*o**2 - 23 + 6 - 5*o + o**3 + 1. Let a be r(8). Suppose s - 4*b - a = 62, -2*s - 3*b = -184. What is the units digit of s?
6
Let